{"id":5335,"date":"2022-12-10T08:45:31","date_gmt":"2022-12-10T08:45:31","guid":{"rendered":"https:\/\/maja.rs\/wwwp\/?page_id=5335"},"modified":"2022-12-10T08:45:42","modified_gmt":"2022-12-10T08:45:42","slug":"covid-19-informacije","status":"publish","type":"page","link":"https:\/\/www.maja.rs\/wwwp\/covid-19-informacije\/","title":{"rendered":"COVID 19 &#8211; Informacije"},"content":{"rendered":"\n<p>Po\u0161tovani pacijenti,<\/p>\n\n\n\n<p>Pandemija izazvana COVID-19 virusom, predstavlja ogroman izazov u za\u0161titi zdravlja na globalnom nivou. Svedoci smo, velikog broja obolelih i u na\u0161oj zemlji. U cilju preventivnog delovanja i spre\u010davanja potencijalnog \u0161irenja zaraze izazvane COVID-19 virusom, vra\u0107anja uslova da pacijenti dobiju potreban stomatolo\u0161ki tretman, i normalizacije rada Stomatolo\u0161ke ordinacije MAJA DENTAL CARE, obave\u0161tavamo Vas o merama za\u0161tite koje primenjujemo, i o pravilima koje morate ispo\u0161tovati prilikom posete na\u0161oj ordinaciji, sa ciljem da sa\u010duvamo zdravlje svih nas.<\/p>\n\n\n\n<p><\/p>\n\n\n\n<p><strong>Zakazivanje termina u Stomatolo\u0161koj ordinaciji MAJA DENTAL CARE<\/strong><\/p>\n\n\n\n<p>Zakazivanje termina u Stomatolo\u0161koj ordinaciji MAJA DENTAL CARE je obavezno \u2013 zakazivanje mo\u017eete izvr\u0161iti na brojeve telefona 064 840 3040 ili 065 8500 720 ili <a href=\"https:\/\/outlook.office365.com\/owa\/calendar\/MAJADENTALCARE@maja.rs\/bookings\/\" target=\"_blank\" rel=\"noreferrer noopener\">OnLine<\/a> na www.maja.rs<\/p>\n\n\n\n<p>Zakazivanje je obavezno kako bi se optimizovao broj prisutnih osoba u prostorijama ordinacije i minimizirao istovremeni broj osoba u ordinaciji.<\/p>\n\n\n\n<p>Prilikom zakazivanja pacijenti \u0107e dobiti informacije o pripremama koje je neophodno napraviti pre dolaska u ordinaciju kao i o postupku samoprocene li\u010dnog zdravstvenog stanja. Najva\u017enija pitanja prilikom samoprocene su:<\/p>\n\n\n\n<ul class=\"wp-block-list\">\n<li>Da li ste u poslednjih 14 dana imali kontakt sa osobama koje su COVID-19 pozitivne?<\/li>\n\n\n\n<li>Da li ste u poslednjih 14 dana imali kontakt sa osobama koje su u izolaciji ili karantinu zbog COVID-19 virusa?<\/li>\n\n\n\n<li>Da li ste u poslednjih 14 dana imali neke od slede\u0107ih simptoma \u2013 povi\u0161ena telesna temperatura, ka\u0161alj, kijanje, dijareja ili bilo koji drugi simptom gripa?<\/li>\n<\/ul>\n\n\n\n<p>Molimo pacijente da na zakazane termine ne dolaze u pratnji (osim roditelja i dece i osobama kojima je pratnja neophodna) kako bi minimizirali broj istovremeno prisutnih osoba u ordinaciji.<\/p>\n\n\n\n<p>Vremenski okviri za tretman pacijenata su produ\u017eeni, kako bi pacijenti imali vremena da napuste ordinaciju pre dolaska novih pacijenata, a osoblje ordinacije imalo vremena za potpunu dezinfekciju svih povr\u0161ina pre dolaska novog pacijenta<\/p>\n\n\n\n<p><\/p>\n\n\n\n<p><strong>Dolazak i boravak u Stomatolo\u0161koj ordinaciji MAJA DENTAL CARE<\/strong><\/p>\n\n\n\n<p>Molimo pacijente da na zakazane termine dolaze pravovremeno, ne prerano, kako bi se minimizovao broj istovremeno prisutnih osoba u ordinaciji.<\/p>\n\n\n\n<p>Na ulazu u ordinaciju su istaknute mere i uputstva kojih se pacijenti i posetioci ordinacije moraju pridr\u017eavati.<\/p>\n\n\n\n<p>Na oglasnim tablama i info monitorima u ordinaciji \u0107e biti istaknute mere i uputstva koji se pacijenti i posetioci ordinacije moraju pridr\u017eavati tokom boravka u ordinaciji, kao i uputstva za kori\u0161\u0107enje sredstava za dezinfekciju koja su naraspolaganju pacijentima i posetiocima ordinacije.<\/p>\n\n\n\n<p>Molimo pacijente da u ordinaciju dolaze sa za\u0161titnim maskama i rukavicama.<\/p>\n\n\n\n<p>Po dolasku u ordinaciju osoblje ordinacije \u0107e pacijenta uputiti u higijenske mere koje je neophodno sprovesti neposredno po ulasku u ordinaciju (pranje ruku, dezinfekcija ruku,&#8230;).<\/p>\n\n\n\n<p>Pacijenti su u obavezi da ispune upitnik za procenu rizika koji \u0107e im biti dat prilikom dolaska u ordinaciju.<\/p>\n\n\n\n<p>Osoblje ordinacije zadr\u017eava pravo, da u zavisnosti od odgovora datih u upitniku za procenu rizika ili na osnovu vidljivih simptoma otka\u017ee pacijentu termin.<\/p>\n\n\n\n<p>Raspored sedenja u \u010dekaonici je izmenjen kako bi se postigla mera socijalnog distanciranja. Iz \u010dekaonice su privremeno uklonjeni \u010dasopisi, knjige i druga sredstva za animaciju a koja su te\u0161ka za dezinfekciju i mogu biti potencijalni rizik za preno\u0161enje zaraze.<\/p>\n\n\n\n<p>Ritam provetravanja je prilago\u0111en aktuelnoj situaciji.<\/p>\n\n\n\n<p><\/p>\n\n\n\n<p><strong>Stomatolo\u0161ka Intervencija<\/strong><\/p>\n\n\n\n<p>U Stomatolo\u0161koj ordinaciji MAJA DENTAL CARE od osnivanja va\u017ei princip \u2013 JEDAN PACIJENT \u2013 JEDNA ORDINACIJA, \u010dime se smanjuje rizik od prenosa bilo koje infekcije i garantuje privatnost pacijenata.<\/p>\n\n\n\n<p>Osoblje Stomatolo\u0161ke ordinacije MAJA DENTAL CARE je opremljeno za\u0161titnim maskama, vizirima, rukavicama i osposobljeno za rad u uslovima pove\u0107anog rizika od zaraze.<\/p>\n\n\n\n<p>Maksimizovana je upotreba prate\u0107eg materijala za jednokratnu upotrebu \u2013 za\u0161titne komprese za pacijente.<\/p>\n\n\n\n<p>U toku intervencije, pacijent je du\u017ean da prati instrukcije stomatologa i ograni\u010di dodirivanje bilo kojih povr\u0161ina u ordinaciji.<\/p>\n\n\n\n<p>Dok su u ordinaciji, svi saradnici Stomatolo\u0161ke ordinacije MAJA DENTAL CARE (stomatolo\u0161ki tehni\u010dari, asistenti, &#8230;) du\u017eni su da primenjuju iste standarde i mere za\u0161tite kakve provodi i osoblje ordinacije.<\/p>\n\n\n\n<p>Definisane mere i pravila ostaju na snazi dok se drugim uputstvom ne promene ili otka\u017eu.<\/p>\n\n\n\n<p><\/p>\n\n\n\n<p>Pozivamo pacijente da imaju razumevanja za mere koje primenjujemo u Stomatolo\u0161koj ordinaciji MAJA DENTAL CARE, cilj nam je da zajedni\u010dki sa pacijentima pomognemo u smanjenju rizika od \u0161irenja zaraze virusom COVID-19. Istovremeno, osoblje ordinacije \u0107e dati svoj maksimum da se prilikom boravka u ordinaciji ose\u0107ate bezbedno i komforno koliko god aktuelni uslovi dozvoljavaju.<\/p>\n\n\n\n<p>Svim pacijentima, saradnicima i prijateljima \u017eelimo dobro zdravlje!<\/p>\n\n\n\n<p>Dr Marija Vasi\u0107<\/p>\n","protected":false},"excerpt":{"rendered":"<p>Po\u0161tovani pacijenti, Pandemija izazvana COVID-19 virusom, predstavlja ogroman izazov u za\u0161titi zdravlja na globalnom nivou. Svedoci smo, velikog broja obolelih i u na\u0161oj zemlji. U cilju preventivnog delovanja i spre\u010davanja potencijalnog \u0161irenja zaraze izazvane COVID-19 virusom, vra\u0107anja uslova da pacijenti dobiju potreban stomatolo\u0161ki tretman, i normalizacije rada Stomatolo\u0161ke ordinacije MAJA DENTAL CARE, obave\u0161tavamo Vas o&#8230;<\/p>\n","protected":false},"author":1,"featured_media":0,"parent":0,"menu_order":0,"comment_status":"closed","ping_status":"closed","template":"","meta":{"footnotes":""},"class_list":["post-5335","page","type-page","status-publish","hentry","page--item"],"_links":{"self":[{"href":"https:\/\/www.maja.rs\/wwwp\/wp-json\/wp\/v2\/pages\/5335","targetHints":{"allow":["GET"]}}],"collection":[{"href":"https:\/\/www.maja.rs\/wwwp\/wp-json\/wp\/v2\/pages"}],"about":[{"href":"https:\/\/www.maja.rs\/wwwp\/wp-json\/wp\/v2\/types\/page"}],"author":[{"embeddable":true,"href":"https:\/\/www.maja.rs\/wwwp\/wp-json\/wp\/v2\/users\/1"}],"replies":[{"embeddable":true,"href":"https:\/\/www.maja.rs\/wwwp\/wp-json\/wp\/v2\/comments?post=5335"}],"version-history":[{"count":1,"href":"https:\/\/www.maja.rs\/wwwp\/wp-json\/wp\/v2\/pages\/5335\/revisions"}],"predecessor-version":[{"id":5336,"href":"https:\/\/www.maja.rs\/wwwp\/wp-json\/wp\/v2\/pages\/5335\/revisions\/5336"}],"wp:attachment":[{"href":"https:\/\/www.maja.rs\/wwwp\/wp-json\/wp\/v2\/media?parent=5335"}],"curies":[{"name":"wp","href":"https:\/\/api.w.org\/{rel}","templated":true}]}}